-6))/((-33)/(-22)) composite?
False
Is 1 + 4 + 1830 - -4 a composite number?
True
Let c(d) = d. Let z be c(5). Let g(q) = -q**3 - q**2 + q - 1. Let j(n) = 3*n**3 - 3*n**2 + 3*n - 6. Let i(o) = z*g(o) - j(o). Is i(-4) a prime number?
False
Let n(r) = 2*r**3 - r**2 + r + 11. Let x(i) = 4*i**3 - 2*i**2 + 3*i + 21. Let b(u) = -7*n(u) + 4*x(u). Is b(5) prime?
True
Is 2/(-4) - (-385803)/18 prime?
True
Suppose 0 = 26*n + 8*n - 218926. Is n prime?
False
Let c(v) = -1 - 2 + v + 9*v. Let w be 140/(-35) - (0 - 2)*4. Is c(w) a prime number?
True
Let q be 36/15 - (-10)/(-25). Suppose -g = -q*g - 3*y - 2351, 2*g = 4*y - 4732. Let o = g + 3447. Is o composite?
False
Let q be (-8)/10*25/(-10). Suppose -2766 = -q*g + 2*k, g + 4*k - 1656 = -293. Is g a composite number?
True
Let c(h) = -63*h**3 - 3*h**2 + h + 9. Is c(-4) a prime number?
True
Suppose -5*m + 4*t = -118, 2*m + t - 81 = -26. Let o = m + -17. Is o a prime number?
False
Suppose -4*m + 2*z + 6 + 2 = 0, z = 4*m - 4. Suppose m = -2*d + 6*d - 7044. Is d prime?
False
Suppose 5*d + 6489 = 2*l, 15678 = 4*l + d + 2689. Is l prime?
False
Let p(m) = -m**2 + 3*m + 3. Let d be p(5). Let r(q) = 1 + q**2 - 8 - 7*q + 2. Is r(d) prime?
False
Let u = -5717 + 15510. Is u prime?
False
Let w = 23 - 18. Suppose 2*t + w*f - 1294 = 200, -2*t - 3*f = -1486. Is t a composite number?
True
Is (2 - 4)/(16/(-16312)) a prime number?
True
Let d(s) = 112*s**2 + 11*s - 25. Let n be d(4). Suppose -3624 - n = -5*x. Is x composite?
False
Let h(y) be the third derivative of y**5/60 - y**4/4 + y**3/2 - 6*y**2. Let r be h(6). Suppose -39 = -r*g + 72. Is g composite?
False
Suppose 0 = -m + 2*m. Suppose -33 = 3*j - m. Let l = j - -34. Is l prime?
True
Let l = -1 + 5. Let b be (-6)/((-8)/l) + -248. Let d = -168 - b. Is d prime?
False
Let j = 18201 - 5312. Is j prime?
True
Suppose 0 = 4*t + 5*q - 67, -4*q = t - 2*t + 1. Suppose 4 = -2*m - 0*m, -3*o + 2*m = -t. Suppose 0 = 4*g - o*g - 87. Is g prime?
False
Let h(b) = 10*b**2 - 7*b + 8. Let a be h(6). Suppose -231 = -2*n + 5*g, -a = -2*n - 5*g - 85. Suppose y = r + n, 7*r = 2*r. Is y prime?
False
Let o(v) be the first derivative of 188*v**3 + v + 30. Is o(-2) prime?
False
Let k(a) = 6*a**3 - 21*a**2 - 7*a - 82. Is k(15) a prime number?
False
Suppose -1872 = -37*j + 34*j. Let w = -227 + j. Is w prime?
True
Suppose 20 = 2*l - 2934. Is l a composite number?
True
Suppose 2*s = t - 6595, -6*t = -9*t - 2*s + 19801. Is t a prime number?
True
Let p(l) = 10 + 0 - 35*l + l**2 + 4*l. Let j be p(11). Let d = j + 433. Is d composite?
False
Is (141/2)/((-27)/(-1422)) a composite number?
True
Is 27180/25 - ((-16)/(-5) - 3) prime?
True
Let j(g) = -3*g + 5*g - 15*g**3 - 7*g**2 - 7 + 21*g**3. Is j(6) a prime number?
True
Let f be 2*5*1/2. Suppose 3*s - f*s + 2666 = 0. Suppose -5*q = -s + 258. Is q a prime number?
False
Let u be 2 + 0 + -4 + 187884/18. Suppose -u = 12*z - 16*z. Is z a prime number?
True
Let r = -75 - -79. Is r + -2 + (4535 - 2/1) prime?
False
Suppose -755*d + 641715 = -740*d. Is d a prime number?
False
Is 1/(-6 + 540056/90008) a prime number?
True
Let j = 334 - 279. Is j prime?
False
Let g(l) = 26*l + 4. Let k be g(4). Suppose -3*u = -5*q + 35, -1 - 20 = q + 5*u. Suppose 3*d = t - 94, k = 4*t - q*d - 228. Is t composite?
False
Let d(q) = 1 - 3 - 2 + 85*q. Let s(g) = g**2 + 13*g - 45. Let w be s(-16). Is d(w) composite?
False
Is ((-76)/(-152))/(32750/32748 + -1) prime?
False
Let t be -2 + ((-15)/9 + 2)*-9. Let o(z) = 12*z**2 + 6*z - 3. Is o(t) composite?
True
Suppose r + r = -20. Let i(w) = 6*w**2 - 13*w + 5. Let a be i(r). Suppose -2*p + a - 107 = 0. Is p a composite number?
True
Let u(t) = 488*t**2 - t - 54. Is u(-5) prime?
False
Let l = -547 - 617. Let w = l - -1705. Is w composite?
False
Let f(x) = 10*x**3 - 2*x**2 + x - 1. Let d be f(2). Let m = d + 13. Suppose -4*z + 2*p = -m, -21 = -2*z - 3*p + 2. Is z prime?
True
Suppose 6*r = 7*r - 4. Suppose -536 = a - 5*a - 5*s, -5*s = -r*a + 576. Is a composite?
False
Let n(x) = -x + 31. Let p(a) = a. Let d be p(13). Suppose 0 = -2*b - 3*o - 9, -3*o - d = -b - 4. Is n(b) a composite number?
False
Let v be (72/(-20))/((-12)/40). Let f = -10 + v. Suppose x + 26 = f*x. Is x prime?
False
Is -1*1 + (3 - 9 - -2638) composite?
True
Suppose 25747 = -10*l + 641957. Is l composite?
True
Let a(d) = 14*d**3 + d**2. Let q be a(1). Suppose -6 = 3*r + q. Let n(k) = -7*k - 15. Is n(r) a prime number?
False
Let o(v) = 2*v**2 + 2*v - 2. Let m(y) = 3*y**2 + 3*y - 1. Let w(f) = 5*m(f) - 6*o(f). Is w(-10) a prime number?
True
Suppose -2*m + 5 = -3*o - 14, 0 = 3*m - o - 18. Suppose -5*b - m*b + 5650 = 0. Is b prime?
False
Let l(r) = -17243*r + 2. Is l(-1) prime?
False
Let v be ((-600)/(-36))/(1/12). Let f = 101 + v. Is f composite?
True
Let l(s) = -165*s**3 - 11*s**2 - 22*s + 5. Is l(-4) a prime number?
True
Let i = 100 + -97. Is 1655/10*(-3 + 14 + i) prime?
False
Let s(u) = 22*u + 3. Suppose r - 6 = -1. Suppose r*p + 3*j - 5 = 0, 0 = -2*p - p - 5*j - 13. Is s(p) a composite number?
True
Let f(a) = 4*a + 0 - 7 + 7. Let x be f(-2). Let s = x + 23. Is s prime?
False
Let b be (2/(-2))/(4/(-3948)). Let u(n) = -174*n**2 - 6*n - 10. Let c be u(-2). Let p = c + b. Is p a prime number?
True
Let c(a) = a**2 - 10*a + 20. Let y be c(8). Suppose -y*s + 1542 = -3094. Is s a composite number?
True
Let a be -1*(-4)/(4 + -3). Suppose 5*x = -a*k + 2559, -3202 = -5*k + x - 4*x. Is k prime?
True
Let i be 1/((56/944)/(-7)). Let y(d) = -120*d + 1. Let c be y(-2). Let s = c - i. Is s a composite number?
False
Let d be (-1)/(16/(-20) - -1). Let x be (d + 9)/(4/8). Is -2 + (-2)/(x/(-1924)) composite?
False
Let f(s) be the second derivative of s**3/3 + 2*s**2 - 5*s. Let t(g) = g. Let w(q) = f(q) + 4*t(q). Is w(5) a prime number?
False
Let z(v) = -3*v + 14. Let a be z(8). Let m = 16 + a. Is m prime?
False
Suppose 0 = 4*f - 2*u - 3940 - 620, 5*f + 5*u = 5685. Is f a prime number?
False
Let s(x) = x. Let v(h) = 6. Suppose 0 = -3*i + f + 3 + 7, 16 = 4*i - 2*f. Let c(d) = i*s(d) - v(d). Is c(6) a prime number?
False
Suppose 0*y - y + 3 = 0. Suppose 0*a = 4*a + y*j - 11858, 3*a + j = 8891. Suppose a = 3*t - 1090. Is t composite?
True
Let k(m) = -m**3 - 6*m**2 - 5*m + 7. Let v(z) = -z - 2. Let q(a) = 9*a + 17. Let n(o) = -6*q(o) - 51*v(o). Let d be n(2). Is k(d) a composite number?
False
Let p(b) = -355*b + 212. Is p(-9) a composite number?
False
Let i = -5554 + 15591. Is i prime?
True
Suppose 0 = 3*r - 38949 + 2334. Is r composite?
True
Let h(l) be the third derivative of 7*l**4/24 - 19*l**3/6 + 12*l**2. Suppose -d = 2*i - 4, 5*i = -d + 5*d - 81. Is h(d) a prime number?
True
Let y be 9/(-18) + 1294/4. Suppose -2*g - 3*b = -1282, -5*b - 927 = -2*g + y. Is g composite?
True
Suppose -2*j + 3*a = -44678, -5*j - 11*a = -16*a - 111695. Is j a composite number?
True
Let z = 2415 + -1006. Is z a prime number?
True
Let i = 0 - -2. Suppose 2*n - 6*k + 2*k = 18, 15 = i*n - 3*k. Suppose -1 = -n*m + 41. Is m a composite number?
True
Let h(x) = -433*x + 1. Let o be h(-2). Suppose 0 = 4*i - o - 409. Is i composite?
True
Suppose 2*t - 472 = -2*t - 5*m, -t + m + 118 = 0. Suppose -4*r = -3*u - t, 2*u + 120 = 3*r + r. Let o = r + -6. Is o prime?
False
Suppose 3*y + 8*m - 1629 = 5*m, 4*m + 2706 = 5*y. Is y a composite number?
True
Suppose 0 = h + 5, -3*h - 7 = 3*j + j. Suppose -j*d + d + 84 = 5*s, 4*d + s = 317. Let r = 290 - d. Is r a composite number?
False
Suppose i = 4*i + 22170. Let q = -4347 - i. Is q a composite number?
True
Let z = -6336 + 11337. Is z prime?
False
Let f = 13 - 9. Is -478*(-4 + 14/f) composite?
False
Let a(f) = f**3 - 12*f**2 - 12*f - 11. Let v be a(13). Suppose 3*o - 2*k = 603, 1192 = 4*o + v*k + 402. Is o prime?
True
Let u(m) = 3*m**2 + 6*m - 10. Let i be u(-6). Let v = 397 - i. Is v prime?
False
Let b(a) = a**2 - 28*a + 52. Let p be b(26). Suppose p*n + k + 16035 = 5*n, k - 3207 = -n. Is n a prime number?
False
Let b(h) = 53*h - 27. Is b(10) prime?
True
Let v = -5686 + 8364. Let p = 6471 - v. Is p a composite number?
False
Suppose -2*q + m + 5 = 0, -1 = -2*q + 5*m - 0*m. Suppose q*t = 4*c + t - 1170, 0 = -3*t - 9. Is c a prime number?
False
Suppose 194 - 2514 = -3*z + 2*v, -3124 = -4*z - 5*v. Suppose 4*g - 4*n = 3200, 5*n = -0*g - g + z. Let m = g + -389. Is m a prime number?
False
Let k(g) =